) = 3*t**2 + 211*t + 83. Give c(-70).
13
Let y(o) = -864*o + 11225. What is y(13)?
-7
Let n(h) = 738*h + 32479. What is n(-44)?
7
Let o(p) = 514*p + 4632. Calculate o(-9).
6
Let g(a) = 2*a**3 + 582*a**2 - 2970*a - 2966. Calculate g(-296).
-6
Let i(y) = 13*y**2 + 901*y + 268. What is i(-69)?
-8
Let c(w) = -w**3 - 6*w**2 + 17*w + 21. What is c(-8)?
13
Let f(g) = -163*g - 1144. Give f(-9).
323
Let o(g) = -2*g**2 - 81*g + 13. Give o(-41).
-28
Let d(q) = -7*q**2 - 79*q - 13. Give d(-11).
9
Let m(x) = 178*x**2 - 3*x - 3. Calculate m(-1).
178
Let g(q) = -7*q**2 + 291*q + 4241. Determine g(53).
1
Let i(y) = 15*y**3 + 2*y - 3. Determine i(1).
14
Let k(x) = -4*x**3 + 243*x**2 + 64*x - 120. Calculate k(61).
63
Let r(c) = -c**3 - 10*c**2 - 27*c - 65. Calculate r(-8).
23
Let z(b) = -16*b + 1052. Calculate z(66).
-4
Let o(r) = -r**2 + 4138*r + 70638. Calculate o(-17).
3
Let n(w) = 13*w**2 - 83*w + 45. Give n(6).
15
Let g(s) = -18*s**2 - 81*s - 10. Determine g(-5).
-55
Let r(a) = 2*a**3 + 7*a**2 - 16*a - 12. Give r(-4).
36
Let a(t) = t**3 + 6*t**2 - 19*t - 8. Give a(-6).
106
Let w(s) = -s**2 + 25*s - 68. Give w(7).
58
Let w(z) = z**3 - 66*z**2 + 462*z + 106. What is w(58)?
-10
Let a(v) = v**3 - 13*v**2 - 25*v - 140. Calculate a(15).
-65
Let j(u) = 4*u**2 + 4*u - 40. Calculate j(-7).
128
Let m(c) = -c**3 + 2*c**2 + 22*c + 115. Give m(-5).
180
Let q(k) = 155*k + 8042. What is q(-52)?
-18
Let t(q) = -2*q**2 + 10*q. Calculate t(10).
-100
Let j(f) = 2*f - 79. Calculate j(48).
17
Let t(n) = 3*n**2 + 70*n + 373. Calculate t(-14).
-19
Let x(f) = 1603*f + 3125. What is x(-2)?
-81
Let v(a) = -1142*a**2 + 18271*a + 10. Give v(16).
-6
Let i(x) = x**2 - 60*x + 518. What is i(10)?
18
Let z(y) = 55*y + 3680. Give z(-67).
-5
Let w(m) = -m**2 - 738*m + 195615. What is w(207)?
0
Let n(q) = 66*q + 460. Calculate n(-7).
-2
Let t(j) = 1723*j + 13819. Give t(-8).
35
Let z(f) = 2*f**2 + 112*f + 1316. Calculate z(-39).
-10
Let t(v) = -620*v - 24809. What is t(-40)?
-9
Let y(t) = -10*t**3 + 19*t + 33. Calculate y(-2).
75
Let w(b) = -337*b - 5783. Give w(-18).
283
Let u(k) = 2*k**3 + 4*k**2 + k - 15. Calculate u(-3).
-36
Let n(x) = -42*x - 359. Determine n(-5).
-149
Let u(f) = 2*f**2 - 6*f + 24. Calculate u(8).
104
Let y(a) = -2*a**3 - 13*a**2 - 2*a + 17. Determine y(-4).
-55
Let f(t) = 2*t**3 + 68*t**2 - 73*t - 68. Calculate f(-35).
37
Let b(r) = r**2 + 37*r - 59. Give b(-36).
-95
Let u(o) = -1063*o - 5402. Determine u(-5).
-87
Let p(l) = -10*l - 486. Calculate p(-51).
24
Let s(r) = -8*r + 41. Calculate s(0).
41
Let o(a) = 2*a**3 + 10*a**2 + 14*a + 68. Determine o(-5).
-2
Let u(f) = -3*f**3 + 2*f**2 + 26*f + 55. Determine u(-2).
35
Let q(f) = 86*f + 1126. Give q(-13).
8
Let n(r) = 2*r**3 - 140*r**2 - 145*r + 170. Give n(71).
-43
Let z(o) = -o**3 - o**2 - 12*o - 31. What is z(-2)?
-3
Let m(h) = -h**3 + 4*h**2 + 56*h + 5. Calculate m(-6).
29
Let x(g) = 25*g - 264. Give x(11).
11
Let c(x) = -x**3 - 25*x**2 - 2*x - 32. What is c(-25)?
18
Let h(l) = -l**2 + 31*l + 967. What is h(49)?
85
Let n(i) = 4*i**2 + 7*i - 111. Determine n(7).
134
Let a(i) = -157*i - 431. What is a(-3)?
40
Let b(a) = a**2 - 77*a - 4819. Give b(118).
19
Let f(d) = 2*d**2 - 1973*d - 13907. What is f(-7)?
2
Let p(g) = 2*g**2 - 302*g - 1208. Determine p(-4).
32
Let i(z) = 96*z + 556. What is i(-6)?
-20
Let a(p) = 5*p**2 - 4*p - 51. Calculate a(-3).
6
Let h(y) = y**3 + 16*y**2 + 65*y + 12. Determine h(-9).
-6
Let p(c) = c**2 - 79*c + 1359. Give p(25).
9
Let n(i) = -3*i**2 - 5*i - 1. Give n(-6).
-79
Let i(r) = 2*r**3 - 23*r**2 + 11*r + 25. Give i(10).
-165
Let s(a) = -33*a**2 - 303*a - 52. What is s(-9)?
2
Let m(v) = -v**2 - 26*v - 7. Determine m(-25).
18
Let k(g) = 2*g**3 - 7*g**2 + 7*g + 12. Calculate k(3).
24
Let d(o) = 3*o**2 - 50*o - 121. Calculate d(24).
407
Let q(g) = 2*g**2 - 40*g + 98. What is q(19)?
60
Let l(q) = 3*q**2 - 13. Calculate l(3).
14
Let f(c) = -c**3 - 6*c**2 - 12*c - 16. What is f(-5)?
19
Let g(h) = 4*h**3 + 34*h**2 + 39*h - 2. Determine g(-7).
19
Let h(g) = -g**3 - 32*g**2 + 373*g - 67. Give h(9).
-31
Let t(h) = -h**3 - 11*h**2 + 209*h + 12. What is t(-21)?
33
Let d(c) = c**2 + 181*c - 15965. Calculate d(65).
25
Let a(q) = -q**3 - 14*q**2 + 175*q - 16. Calculate a(-22).
6
Let c(u) = -25*u - 2983. What is c(-104)?
-383
Let o(l) = -2354*l + 7. Calculate o(0).
7
Let f(j) = -j**2 - 46*j - 50. Determine f(-45).
-5
Let m(f) = f**2 + 31*f + 70. Determine m(-28).
-14
Let f(g) = -4*g**2 - 11*g + 5. Determine f(0).
5
Let a(x) = -24*x**2 - 10*x + 17. Calculate a(1).
-17
Let u(p) = -250*p**2 - 67749*p + 276. Give u(-271).
5
Let u(k) = 96*k + 583. What is u(-6)?
7
Let d(m) = -m**3 + 13*m**2 - 19*m + 11. Give d(11).
44
Let d(y) = 2*y**3 + 42*y**2 + 185*y + 82. Determine d(-15).
7
Let y(n) = -n**2 - 231*n - 164. Determine y(0).
-164
Let f(d) = -4*d**2 + 6*d - 10. Calculate f(7).
-164
Let a(u) = -241*u + 28210. What is a(117)?
13
Let j(u) = u**2 + 20*u + 114. Calculate j(-9).
15
Let w(u) = 21*u**2 + 82*u + 249. Give w(-3).
192
Let q(g) = 7*g**3 - 9*g**2 - 2*g + 6. Determine q(3).
108
Let h(c) = -c**3 + 51*c**2 - 471*c + 120. Determine h(39).
3
Let o(p) = p + 47. Calculate o(-42).
5
Let j(c) = -c**2 - 35*c - 205. Calculate j(-6).
-31
Let g(r) = -5*r**2 - 18*r + 11. Determine g(1).
-12
Let y(x) = 949*x - 16153. Determine y(17).
-20
Let r(c) = 17*c**3 - 3*c**2 + c + 2. What is r(-1)?
-19
Let w(s) = -s**3 - 99*s**2 + 308*s + 201. Determine w(-102).
-3
Let l(p) = p**3 - 38*p**2 + 291*p - 3. Determine l(11).
-69
Let j(r) = -9*r**2 + 225*r - 668. What is j(3)?
-74
Let z(h) = 12*h + 612. Give z(-44).
84
Let b(y) = 35*y**2 + 5*y - 12. Calculate b(-3).
288
Let s(g) = 33*g - 1024. Calculate s(54).
758
Let m(a) = -4*a**2 + 286*a - 1209. Determine m(67).
-3
Let v(w) = 3*w**3 + 51*w**2 - 10*w - 23. Determine v(-17).
147
Let w(f) = f**2 - 1332*f - 47840. Calculate w(-35).
5
Let f(i) = -i**3 + 9*i**2 + 125*i - 194. Give f(16).
14
Let r(m) = m**3 - 52*m**2 + 105*m - 243. Determine r(50).
7
Let k(c) = -5*c**3 - 40*c**2 + 204*c + 1613. What is k(-8)?
-19
Let j(d) = -2*d**2 - 48*d - 47. Determine j(-17).
191
Let x(b) = -b**2 - 6*b + 736. Determine x(0).
736
Let g(d) = -5*d**3 - 59*d**2 - 48*d. What is g(-11)?
44
Let b(r) = -2260*r + 54245. What is b(24)?
5
Let z(i) = i**3 + 45*i**2 + 334*i + 87. Determine z(-9).
-3
Let f(h) = -531*h + 56. Calculate f(-1).
587
Let c(j) = -j**2 - 251*j - 4830. Calculate c(-21).
0
Let d(x) = -5*x**2 + 37*x + 693. Calculate d(16).
5
Let a(u) = 199*u - 3938. Calculate a(19).
-157
Let s(u) = -2*u**2 + 23*u - 54. Calculate s(11).
-43
Let x(y) = 1381*y + 5519. Determine x(-4).
-5
Let y(n) = 104*n**3 - 2*n**2 + 1. Give y(1).
103
Let v(w) = 131*w**2 - 4*w - 3. Determine v(-1).
132
Let z(k) = 4*k**2 + 23*k - 17. Give z(-5).
-32
Let q(p) = -4*p**3 - 188*p**2 + p + 46. Determine q(-47).
-1
Let d(t) = -12*t**2 + 74*t + 75. What is d(-1)?
-11
Let x(n) = n**2 - 12*n - 23. What is x(14)?
5
Let z(b) = 19*b + 539. Give z(-29).
-12
Let o(u) = 2*u**3 - 80*u**2 - 83*u + 10. What is o(41)?
-31
Let m(b) = 4*b**2 - 83*b - 24. Determine m(21).
-3
Let h(m) = 2*m**2 - 244*m - 988. Determine h(-4).
20
Let x(y) = -319*y + 4470. Calculate x(14).
4
Let f(k) = -k**2 + 22*k + 239. Calculate f(30).
-1
Let r(p) = -93*p + 1298. Determine r(14).
-4
Let a(j) = 142*j - 1572. Give a(11).
-10
Let v(k) = -k**2 + 106*k - 2863. What is v(47)?
-90
Let l(d) = 75*d**3 + 2*d**2 - 3*d + 1. Determine l(1).
75
Let c(w) = 7*w - 287. Determine c(36).
-35
Let v(y) = y**2 - 16*y - 41. Give v(22).
91
Let v(q) = 19*q - 887. What is v(56)?
177
Let a(b) = -3*b**3 + 4*b**2 - 7*b - 56. Give a(-5).
454
Let w(x) = x**2 + 450*x + 2222. What is w(-5)?
-3
Let l(g) = g**3 + 25*g**2 - 69*g + 442. Give l(-28).
22
Let l(w) = -13*w**2 - 262*w - 47. Calculate l(-20).
-7
Let y(o) = -o**2 + 113*o - 140. Give y(0).
-140
Let m(c) = -8*c**2 - 646*c - 1291. Determine m(-2).
-31
Let r(v) = -v**2 - v + 163. Give r(10).
53
Let b(o) = -o**3 + 6*o**2 - o - 26. Determine b(6).
-32
Let m(d) = -d**2 - 50*d + 178. Give m(4).
-38
Let k(t) = -18*t - 260. What is k(-15)?
10
Let q(d) = -21*d**2 - 209*d - 7. Give q(-10).
-17
Let m(t) = 43*t + 77. Give m(-2).
-9
Let t(c) = -c**3 + 24*c**2 - 112*c + 58. Give t(18).
-14
Let b(x) = -x**3 - 40*x**2 + 2*x + 14. What is b(-40)?
-66
Let n(z) = 